 123150047?
181, 680387
What are the prime factors of 479108785?
5, 83, 401, 2879
List the prime factors of 480715406.
2, 41, 53, 2087
What are the prime factors of 9449534?
2, 29, 191, 853
List the prime factors of 463842622.
2, 231921311
List the prime factors of 54706208.
2, 1193, 1433
List the prime factors of 725199505.
5, 19, 7633679
What are the prime factors of 178318942?
2, 227, 523, 751
What are the prime factors of 75121508?
2, 7, 11, 34843
What are the prime factors of 3899354750?
2, 5, 229, 68111
What are the prime factors of 29404745?
5, 61, 229, 421
List the prime factors of 44844746.
2, 283, 79231
List the prime factors of 1345449964.
2, 19, 17703289
List the prime factors of 4541412.
2, 3, 337, 1123
What are the prime factors of 5676648854?
2, 37, 2073283
What are the prime factors of 185752928?
2, 139, 41761
What are the prime factors of 6037983429?
3, 31, 179, 362707
What are the prime factors of 169078544?
2, 10567409
What are the prime factors of 1557268846?
2, 7, 97, 197, 5821
List the prime factors of 129203069.
127, 1017347
List the prime factors of 201555806.
2, 191, 527633
List the prime factors of 33876360.
2, 3, 5, 7, 4481
List the prime factors of 14846130.
2, 3, 5, 13, 12689
What are the prime factors of 442231739?
442231739
List the prime factors of 909408251.
17, 401, 133403
What are the prime factors of 861659672?
2, 23, 4682933
List the prime factors of 79070847.
3, 1193, 22093
What are the prime factors of 198377051?
8731, 22721
What are the prime factors of 46269725?
5, 1850789
List the prime factors of 121326642.
2, 3, 6740369
What are the prime factors of 134724663?
3, 107, 139901
List the prime factors of 1028559886.
2, 514279943
List the prime factors of 151098004.
2, 29, 139, 9371
What are the prime factors of 105396023?
6899, 15277
List the prime factors of 76829176.
2, 9603647
List the prime factors of 126492659.
761, 166219
What are the prime factors of 111609662?
2, 23, 521, 4657
What are the prime factors of 62895973?
7, 8985139
What are the prime factors of 55407546?
2, 3, 433, 7109
List the prime factors of 57329159.
57329159
What are the prime factors of 34765123?
3371, 10313
What are the prime factors of 372184898?
2, 29, 6416981
What are the prime factors of 69656095?
5, 13931219
What are the prime factors of 120705925?
5, 4828237
List the prime factors of 3415896938.
2, 17, 100467557
What are the prime factors of 7232214873?
3, 13, 809, 229223
What are the prime factors of 84002464?
2, 7, 13, 317
What are the prime factors of 878327099?
13, 67563623
List the prime factors of 71959043.
13, 37, 149603
What are the prime factors of 123629551?
123629551
List the prime factors of 120147559.
7, 2451991
List the prime factors of 473706673.
11, 79, 545117
List the prime factors of 38813673.
3, 23, 562517
List the prime factors of 6248435221.
7, 17, 43, 1221113
What are the prime factors of 397327903?
7, 167, 339887
List the prime factors of 230228506.
2, 29, 31, 128047
What are the prime factors of 50468882?
2, 47, 137, 3919
List the prime factors of 20367664.
2, 107, 11897
What are the prime factors of 31464972?
2, 3, 7, 11, 11351
List the prime factors of 688110429.
3, 1319, 173897
What are the prime factors of 632491993?
7, 67, 1348597
List the prime factors of 709125266.
2, 53, 383, 17467
What are the prime factors of 4069591433?
31, 311, 422113
List the prime factors of 92886261.
3, 13, 31, 76829
What are the prime factors of 2320073394?
2, 3, 19, 20351521
List the prime factors of 65539779.
3, 21846593
List the prime factors of 2737112457.
3, 912370819
What are the prime factors of 101385942?
2, 3, 7, 2413951
What are the prime factors of 279411489?
3, 7, 4435103
List the prime factors of 4746950809.
197, 1163, 20719
List the prime factors of 1223077397.
1223077397
What are the prime factors of 7456922471?
7456922471
List the prime factors of 129745707.
3, 7, 13, 661, 719
List the prime factors of 163483859.
7, 11, 2123167
What are the prime factors of 64340998?
2, 32170499
List the prime factors of 126185227.
7, 18026461
List the prime factors of 4059973985.
5, 197, 461, 8941
List the prime factors of 746469024.
2, 3, 7, 1110817
List the prime factors of 181041715.
5, 3307, 10949
What are the prime factors of 1617938786?
2, 3539, 228587
What are the prime factors of 425530001?
13, 2517929
What are the prime factors of 37195042?
2, 313, 59417
What are the prime factors of 164597519?
17, 9682207
List the prime factors of 172396547.
1091, 158017
What are the prime factors of 249993086?
2, 7, 17856649
List the prime factors of 831982630.
2, 5, 191, 435593
List the prime factors of 567582253.
7, 283, 286513
List the prime factors of 51392207.
17, 19, 107, 1487
List the prime factors of 2695655253.
3, 898551751
List the prime factors of 47796339.
3, 15932113
What are the prime factors of 4478375253?
3, 11, 37, 139, 26387
List the prime factors of 71532189.
3, 73, 108877
List the prime factors of 2082139499.
11, 189285409
List the prime factors of 45115931.
7, 151, 42683
List the prime factors of 737101020.
2, 3, 5, 12285017
List the prime factors of 130801770.
2, 3, 5, 11, 44041
What are the prime factors of 583932990?
2, 3, 5, 19464433
What are the prime factors of 1150133738?
2, 13, 389, 113717
List the prime factors of 987950765.
5, 103, 1918351
List the prime factors of 947936343.
3, 2287, 138163
List the prime factors of 1562915.
5, 312583
List the prime factors of 59268761.
59268761
List the prime factors of 500463710.
2, 5, 1657, 30203
What are the prime factors of 5296109140?
2, 5, 7, 193, 28001
What are the prime factors of 65525543?
53, 23327
What are the prime factors of 2363640370?
2, 5, 7, 13, 2597407
List the prime factors of 95027907.
3, 13, 2436613
What are the prime factors of 26431124?
2, 17, 388693
What are the prime factors of 25277727?
3, 8425909
List the prime factors of 2290652424.
2, 3, 1747, 18211
List the prime factors of 4382034.
2, 3, 730339
List the prime factors of 464037510.
2, 3, 5, 43, 359719
List the prime factors of 1247183100.
2, 3, 5, 41, 73, 463
List the prime factors of 5545026413.
5545026413
What are the prime factors of 5372128233?
3, 596903137
List the prime factors of 20621811.
3, 7, 41, 43, 557
List the prime factors of 1497604018.
2, 17, 673, 65449
List the prime factors of 8385175195.
5, 269, 6234331
List the prime factors of 3074555930.
2, 5, 29, 10601917
What are the prime factors of 35271440?
2, 5, 440893
List the prime factors of 4928813489.
73, 67517993
What are the prime factors of 163441077?
3, 17, 71, 45137
What are the prime factors of 100658210?
2, 5, 10065821
List the prime factors of 36275447.
13, 41, 68059
What are the prime factors of 71034645?
3, 5, 11, 430513
What are the prime factors of 146633445?
3, 5, 7, 97, 4799
List the prime factors of 1763954598.
2, 3, 7, 41998919
What are the prime factors of 143646626?
2, 73, 983881
What are the prime factors of 948343895?
5, 17, 11156987
List the prime factors of 30959400.
2, 3, 5, 51599
What are the prime factors of 178708150?
2, 5, 29, 37, 3331
What are the prime factors of 389601040?
2, 5, 4870013
What are the prime factors of 49353259?
89, 554531
What are the prime factors of 165423816?
2, 3, 765851
List the prime factors of 495446778.
2, 3, 4349, 6329
What are the prime factors of 2459187349?
2459187349
List the prime factors of 4299222448.
2, 2999, 89597
List the prime factors of 169919435.
5, 7, 4854841
List the prime factors of 3414234355.
5, 7, 17, 19, 61, 4951
List the prime factors of 2256417817.
199, 11338783
List the prime factors of 1141248.
2, 3, 743
List the prime factors of 440756823.
3, 13, 11301457
What are the prime factors of 288221150?
2, 5, 7, 823489
What are the prime factors of 5933650?
2, 5, 118673
List the prime factors of 91909281.
3, 30636427
What are the prime factors of 64750722?
2, 3, 17, 71, 8941
List the prime factors of 26540309.
31, 856139
What are the prime factors of 311327977?
19, 23, 691, 1031
What are the prime factors of 301793344?
2, 4715521
What are the prime factors of 4106207490?
2, 3, 5, 7, 11, 79, 22501
What are the prime factors of 32395447?
7, 101, 45821
List the prime factors of 251337951.
3, 23, 17597
List the prime factors of 756469958.
